. Let s(w) = 3*w**2 - 2*w + 1. Let q(o) = -2*j(o) - s(o). Let i be q(1). What is the tens digit of g(i)?
3
Suppose 3540 = 156*s - 151*s. What is the hundreds digit of s?
7
Let r = -1 + 3. Let l be (-3)/((-1)/(r + -1)). Suppose 6*s - 45 = l*s. What is the units digit of s?
5
Let m be 5/((-5)/13) + 3 - -3. Let z(i) = 3*i**2 - 7*i + 2. What is the hundreds digit of z(m)?
1
Let m = 17 + -23. What is the tens digit of (-337)/m - 4/24?
5
Let s be ((-2)/(-3))/((-2)/(-6)). Suppose -j - s + 4 = 0. Suppose -13 - 26 = -h + j*i, -4*i = -4. What is the units digit of h?
1
Let m = 1 - 1. Suppose 0 = 4*v - m*v - 28. Let t = v - 4. What is the units digit of t?
3
What is the units digit of (445/15)/(1492/372 - 4)?
9
Suppose -5*g = -5*m + 155, 3*g = m + g - 34. Let t be 7/(m/(-8)) + 97. Suppose -5*w = -4*n - n - t, -4 = -n. What is the units digit of w?
3
Let r(a) = -25*a**2 - 5*a - 2. Let k(m) = 76*m**2 + 14*m + 6. Let b(f) = 4*k(f) + 11*r(f). Let u be b(-1). What is the units digit of (-2 - 1)*(-10)/u?
1
Let t = -1085 - -2034. What is the tens digit of t?
4
Let a(y) = 2*y**2 - y**2 - 12*y - 10 - 2*y**2. Suppose 33*k - 29*k + 44 = 0. What is the units digit of a(k)?
1
Suppose -i - 2*i + 35 = q, -q - 2*i + 39 = 0. What is the units digit of q?
7
Let c(w) = -3*w**3 - 12*w**2 - 6*w - 10. Let u = 11 + -16. What is the units digit of c(u)?
5
Let i = -71 + 98. Let l = i + 86. What is the hundreds digit of l?
1
Suppose 6236 + 28292 = 13*z. What is the hundreds digit of z?
6
Suppose 13 = 4*f - 4*m + 5, 0 = -2*f + m + 5. Suppose 5*a - 12 = 2*r, 5*a - f*r = -0*r + 13. Suppose 8 = -a*k + 52. What is the units digit of k?
2
Suppose -43*u + 3*p = -48*u + 17633, -2*p = -u + 3537. What is the hundreds digit of u?
5
Suppose 0 = -n + 4, 10 = y + n - 0*n. Let v(j) = 13*j**3 - y*j**3 + 0 + 2 - 5*j**3. What is the tens digit of v(2)?
1
Suppose 0 = 3*l - 9 - 6. Suppose 4*c = 6*c + 10, 3*c = l*y - 5. What is the units digit of (23 + -6)*(y + 5)?
1
Let d(o) = -8*o + 7. Let b be 16 - (-1 + 4 + -5). Let u = 14 - b. What is the units digit of d(u)?
9
Let j = -145 - -149. Suppose c = j*c - 276. What is the tens digit of c?
9
Let a(v) be the third derivative of v**6/20 + v**5/15 - 5*v**4/24 + 2*v**3/3 - 26*v**2. Let u = 8 + -6. What is the units digit of a(u)?
8
Suppose 7*d - 16453 = 14921. What is the thousands digit of d?
4
Suppose 2*a = -14 - 0. Let l(s) = 2*s**2 - 3*s - 6. Let u be l(a). Suppose -2*y + u = 5*t, -4*t = 4*y - 2*y - 90. What is the units digit of t?
3
Let o(h) = h**3 - 7*h**2 + 7*h - 9. Let x be o(6). Let w = x - -7. Suppose -w*r - 3*a + 19 = -0, -2*a = -3*r + 27. What is the units digit of r?
7
Let b(r) = -r**2 + 13*r + 26. Let q be b(10). Let z be (-1 - -2)/(1/7). Suppose z*g - 3*g = q. What is the units digit of g?
4
Let l(k) = -401*k + 16. What is the units digit of l(-4)?
0
Let p(y) = 6*y - 34. Let s be p(7). Let r be (-2 - (-2)/2)*-5. Suppose -r*b + d + 26 = 4, 4*d = -s. What is the units digit of b?
4
What is the units digit of (-2)/2*(-5 - 1050)?
5
Suppose -3*h + v = -423 - 2513, 0 = 4*h - v - 3914. What is the hundreds digit of h?
9
Let r = -615 + 1252. What is the tens digit of r?
3
Let x be 5/10 + (-2638)/(-4). Suppose x = -11*s + 16*s. What is the tens digit of s?
3
Let b be (-424)/12*(-9)/6. Suppose -b = -x + 10. What is the units digit of x?
3
Let u(a) = 12 + a**3 - 20*a + 20*a + 0*a**3 - 13*a**2. What is the units digit of u(13)?
2
Let w(b) = -6*b**3 + 7*b + 29. What is the hundreds digit of w(-4)?
3
Suppose 13*z + 5 = -86. Let v(h) = -h**2 - 8*h. What is the units digit of v(z)?
7
Let a(o) = 3*o + 17. Let w be a(-6). Let v = 19 - w. What is the units digit of (-3)/(v/32 - 1)?
8
Let n(u) be the third derivative of 7*u**4/24 + u**3/3 + 7*u**2. Let v be n(10). Let d = -27 + v. What is the units digit of d?
5
Let p(d) = 3*d + 5. Let o be p(3). Suppose w = 2*w - o. Let k = 26 - w. What is the units digit of k?
2
Let p be 5138/35 - 2/(-10). Suppose n - 44 + 13 = -2*o, -2*o = 5*n - p. Let q = n - -13. What is the units digit of q?
2
Suppose 0 = 4*h - 5*q - 15, 3 = -5*h - 0*q - q. Let x(v) = -13*v + 2. Let l be x(-2). Suppose 4*g - l = -h*g. What is the units digit of g?
7
Suppose 3*g - r = 98, 3*g + 8*r - 122 = 3*r. Let i = -21 + g. What is the tens digit of i?
1
Suppose -15 = h + 5*f, -5*h + 0*f + 5*f = -45. Suppose -h*n - 2*k - 10 = -574, -n = -3*k - 106. What is the tens digit of n?
1
Suppose 5864 = 7*p - 2662. What is the hundreds digit of p?
2
Let o be (4/(-6))/(20/4530). Let p = -14 - o. What is the hundreds digit of p?
1
Let j be 1/(4 - (-259)/(-65)). Let a = j + -33. Suppose -220 = -4*y + a. What is the tens digit of y?
6
Suppose 4*g = 15*g - 1980. What is the hundreds digit of g?
1
Let o = -31 - -22. Let c(n) = -4*n - 10. What is the tens digit of c(o)?
2
Let j be 3*4/(-8)*-20. Let x be (1 + 3)*j/(-8). What is the units digit of (33 - -2)*(-9)/x?
1
Let f(x) = x**3 + 7*x**2 + 6*x + 7. Let s be f(-6). Let w = s + 17. Suppose -2*c = -3*c, -4*b - 2*c = -w. What is the units digit of b?
6
Let m(l) = 0 + 31*l - 33*l + 0. Let h be m(0). Suppose -n - 2*n + 9 = h. What is the units digit of n?
3
Let f be (64/6)/(-7*(-10)/32655). What is the units digit of 16/(-72) + f/36?
8
Let q = -50 + 46. Suppose -5*b - 2*y + 78 = 5, -5*b - 5*y = -85. Let k = b + q. What is the units digit of k?
9
Let a(n) = -13*n**2 + n. Let i be a(-1). What is the units digit of 28/i - 3*-1?
1
Let i = 32 + -22. Suppose -3 - i = -z. What is the units digit of z?
3
Suppose 0 = -l - 2*o + 1932, 5*o - 8799 = -3*l - 3002. What is the hundreds digit of l?
9
Let j = -7 - -9. Let o(f) = -2*f + 11 + 9*f + j*f + f**2. What is the tens digit of o(-11)?
3
Suppose 2*z - 5*z - 3 = 0. Let i(w) = -6*w + 0 + w - 4*w - 2. What is the units digit of i(z)?
7
Let v = 540 + -229. Let u = v + -166. What is the hundreds digit of u?
1
Let j be 6/10 + (-42)/(-30). Suppose -n - 4 = -3*w - 42, j*n = 5*w + 72. Suppose -b = -0*b - 4*p - 27, -5*p = -b + n. What is the units digit of b?
1
Let n = 41 + -72. Let c = -27 - n. What is the units digit of c?
4
Let r(i) = -i**3 - 8*i**2 + 7*i - 8. Let b be 0/1 + 0 + -18. Let y = -27 - b. What is the tens digit of r(y)?
1
Suppose -5 = -l, 4*l = -4*j + 2806 + 1686. What is the tens digit of j?
1
Suppose o - 4*i - 699 = 675, -4*o - 4*i + 5536 = 0. What is the hundreds digit of o?
3
Let u(f) = 54*f**2 + 10*f - 46. What is the hundreds digit of u(-8)?
3
What is the hundreds digit of 907/2 - 3 - (-6)/(-12)?
4
Suppose -14 = -9*j + 4. Suppose 4*c = j*k - 410, 418 - 10 = 2*k - 2*c. What is the tens digit of k?
0
Let v(w) = w**2 - 12*w + 24. Let b be v(10). What is the units digit of (-19)/(-4 - (b + -7))?
9
Let q(u) = 11*u**3 + 3*u**2 + 3*u - 1. Let c be q(3). Suppose -c = -12*m - 8. What is the units digit of m?
7
Suppose 0 = 2*m - c - 20, m + 2*c = 4*c + 4. Suppose -5*y = -2*y - m. What is the units digit of ((-40)/(-32))/(1/y)?
5
Let f(j) = -17*j - 24. What is the hundreds digit of f(-37)?
6
Let q = -891 - -1540. What is the units digit of q?
9
Suppose -w = 9*w. Suppose -p = -2*z - w*z + 80, -2*z + 72 = p. What is the tens digit of z?
3
Suppose u + 1359 + 566 = 4*i, 5*i = -3*u + 2402. What is the hundreds digit of i?
4
Let p(w) = -4*w + 8. Let q be p(3). What is the units digit of ((-18)/(-9))/(q/(-90))?
5
What is the thousands digit of 1 + 1381 - (-2 - 0)?
1
Let w be -2 - 19/(114/396). Suppose -34 = d + 1. Let u = d - w. What is the tens digit of u?
3
Let z = -23 - -31. Suppose 3*w - 4 - z = 0, -2*h - w + 336 = 0. What is the units digit of h?
6
Let y(f) = 5*f - 8*f - 4 + 14*f. Let b be y(-2). Let q = 46 + b. What is the tens digit of q?
2
What is the hundreds digit of 5 + 840*((-18)/(-4) + 0)?
7
Let u(m) = m**3 - 13*m**2 + m - 11. Let w be u(13). Suppose w*h - 20 = -2. Let k(y) = 3*y - 7. What is the units digit of k(h)?
0
Let x = -384 + 270. Let g = -61 - x. What is the units digit of g?
3
Let j(y) = 3*y - 17. Let m(f) = -5*f + 25. Let i(x) = 7*j(x) + 5*m(x). Let q be i(3). Let h = -4 - q. What is the units digit of h?
2
Let c = 870 + -613. What is the units digit of c?
7
Let j(c) = 174*c - 367. What is the hundreds digit of j(8)?
0
Suppose 4*h - 2288 = -4*i, 3*h + 1862 = 3*i + 122. Suppose 0*q + i = -4*q. Let b = q - -204. What is the units digit of b?
0
Let x(b) be the sec